s the highest common divisor of h and o?
7
Suppose 2*a - 116231 = 3*t, -5*a + 133930 = 3*t - 156553. What is the highest common divisor of 209 and a?
209
Let r(l) = 139*l - 1. Let u be r(3). Let h(j) = j**2 - 146*j - 1883. Let s be h(-12). Calculate the highest common divisor of s and u.
13
Let w = 696 - 347. Suppose 290 = 9*t - w. Let b = -41 + t. Calculate the greatest common divisor of 15 and b.
15
Suppose 0 = -38*s - 21*s + 295. Suppose a - 137 = -2*a + s*r, 175 = 5*a + 5*r. Calculate the greatest common divisor of a and 429.
39
Suppose -15*m + 19*m - 108 = 0. Let b be (-324)/(-42) + 4/14. Suppose -s = -y + m, 4*s = -5*y + b*s + 140. What is the greatest common factor of 32 and y?
32
Suppose 4*x - 12 = -0, -116 = -2*a - 4*x. Let s = -39 + a. What is the highest common factor of 169 and s?
13
Let x(q) = 93*q**2 - 9*q. Let s be x(-3). Let l = -3809 + 3836. What is the highest common divisor of s and l?
27
Let f be (-3 - (1 + -1))/(21/392). Let o = 153 + f. Let g = 22 + o. What is the greatest common divisor of g and 7?
7
Let k = 2246 + -2236. Calculate the highest common factor of k and 394.
2
Let o(q) = q**3 + 25*q**2 + 37*q - 50. Let s be o(-22). Let g = -575 + s. Calculate the greatest common divisor of g and 637.
13
Let v be (-38)/(-2) - ((-92)/(-506) + 246/(-22)). Let c(l) = l**2 - 3*l + 4. Let s be c(5). Let f be 42/4*360/s. What is the greatest common divisor of f and v?
30
Let c be (-17 - -2)*64/(-3). Let t(n) be the first derivative of 6*n**2 + 116*n + 296. Let v be t(-8). What is the highest common divisor of v and c?
20
Let k = -810 - -437. Let d = k + 399. Calculate the greatest common divisor of d and 117.
13
Let o(l) = -71*l**2 - 669*l + 421. Let x be o(-10). Let j be 11 - (-1 + 1)/2. Calculate the highest common divisor of x and j.
11
Suppose -5*b + 385 = 3*i - 8*i, 5*b - 2*i = 391. Suppose 5*g - 106 = 3*g - 5*y, g - 4*y = b. Let d = 77 - g. Calculate the greatest common divisor of d and 14.
14
Suppose -2*y + 201 = 3*t, 407 = 5*y + t - 128. Let o be ((-783)/y)/((-3)/12). What is the greatest common divisor of 145 and o?
29
Let v = 217 + -216. Let y be ((-10)/(-22)*11)/(v/3). Suppose -5*x + 4*x = -60. Calculate the greatest common divisor of x and y.
15
Let s(l) = l**3 - 11*l**2 - 24*l + 9. Let o = 1 + 12. Let y be s(o). Let w be ((-12)/(-14))/(-3) + 815/y. What is the highest common divisor of 230 and w?
23
Let w be 1782*((-27)/(-6) - 2). Calculate the highest common divisor of 99 and w.
99
Suppose -31*d = -15379 - 155896. Calculate the greatest common divisor of d and 52.
13
Let w be (-28)/5*((-44)/4 + 9)*40. What is the highest common divisor of w and 364?
28
Suppose 24*g + 32*g - 672 = 0. Calculate the highest common factor of 123 and g.
3
Let s(a) = -9*a - 47. Let f(u) = u**3 - 3*u**2 - 9*u - 16. Let r be f(5). Let b be s(r). Calculate the greatest common factor of b and 364.
52
Let s be -4 - (-12 + 0 - 3). Let a = -8 + s. Suppose p + a*i - 205 + 36 = 0, 865 = 5*p + 5*i. Calculate the greatest common divisor of p and 35.
35
Let b be (-6 - -8)*-6*(-2)/6. Let o be (-2 - -4)*-6*(-3)/b. Let f be 92/10 + 10/(-50). Calculate the highest common divisor of o and f.
9
Let i be (-824 + -3 + 7)*31/(-62). Calculate the highest common factor of 123 and i.
41
Let k be (-15 - -1)*(-410)/287. Let i be (-33*(-8)/(-20))/((-8)/k). Calculate the highest common divisor of i and 363.
33
Suppose -2*q - b + 17 = q, 0 = -5*q + 3*b + 33. Suppose q*y = 33 + 3. Suppose -11*z + 80 = -y*z. What is the greatest common divisor of z and 16?
16
Suppose 28*s - 23*s = -1215. Let n = s + 263. Calculate the greatest common factor of 15 and n.
5
Let p be (575/(-35) + -5)*((-140)/(-8))/(-5). Let u(q) = -2*q + 1. Let h be u(-12). What is the highest common divisor of h and p?
25
Suppose -148 = -520*z + 516*z. Suppose 3*p + z = 103. What is the greatest common divisor of 6 and p?
2
Suppose -1033*v - 2*q = -1032*v - 2068, 8280 = 4*v + 4*q. What is the highest common divisor of v and 21?
7
Suppose 5*k - k - 3*d = 19, 2*k + 5*d = 29. Suppose 0*i = 2*i - 108. Let s = i - 5. What is the greatest common factor of k and s?
7
Suppose -4*u + 33 - 25 = 0, s + u = 1082. Calculate the greatest common divisor of 24 and s.
24
Suppose -206*x = -218*x + 144. Let w = -285 - -477. What is the greatest common divisor of w and x?
12
Suppose -16*k = -29586 + 1986. What is the highest common divisor of k and 138?
69
Let b = 4 - -5. Suppose b = 6*c - 27. What is the highest common factor of 16 and c?
2
Let p(r) be the third derivative of -r**4/4 - 19*r**3/6 - 73*r**2 - 3*r. Let h be p(-4). Calculate the highest common factor of 215 and h.
5
Suppose -3*x = -3*s + 5199, 13*x - 9*x + 20 = 0. Let n = -76 - 14. Let y be (-2)/10 - s/n. Calculate the highest common factor of y and 76.
19
Let u(g) = g**3 + 2*g**2 - 5*g. Let c be u(-3). Let y be (c/7)/(10/70). What is the greatest common divisor of y and 66?
6
Let u be 48/(-40)*10/(-3). Suppose 3*l = -3*l + 30. Suppose -78 = -2*q + l*h + 10, -3*h = -2*q + 88. What is the highest common factor of u and q?
4
Let b(c) = c**2 - 102*c - 8278. Let r be b(-54). What is the greatest common divisor of 5913 and r?
73
Let o be (-19 - 10/(-10))*(-15)/2. Let x be (-30)/(-4)*(-90)/(-9 + 6). Calculate the greatest common divisor of x and o.
45
Suppose 109*b = 7*g + 111*b - 229, -2*g + b = -78. What is the highest common divisor of g and 952?
7
Let v be 5 + ((-28)/(-14))/(2/(-3)) - -14. Calculate the highest common divisor of v and 4208.
16
Let q be (4 - 0/(-6))/(11/11979). Calculate the greatest common factor of 33 and q.
33
Let t = 19 + 72. Let h be (-1 + (-143)/26)/(1/(-2)). Calculate the highest common divisor of h and t.
13
Let l = -27 + 13. Let i be (-5*l/(-105))/(4/(-486)). Let t be 3/(-2) + 999/18. Calculate the highest common divisor of i and t.
27
Suppose 2*a - 640 = -0*a. Calculate the highest common divisor of a and 110.
10
Let q be -1*24/(-20)*150. Let h = q + -170. What is the greatest common factor of 290 and h?
10
Let c(a) = 20*a**2 - 23*a + 93. Let b be c(4). Suppose 3*p - 3*d = b, -3*d = -5*p + d + 539. What is the highest common divisor of 37 and p?
37
Let z(y) = -y - 7. Let i be z(-9). Suppose i*f - 222 = -2*q, 4*q = f - 85 - 21. Suppose -5*l + 21 = -29. What is the highest common factor of f and l?
10
Suppose 2*k + 0*k = 32. Suppose 3*c = k*c - 624. Suppose -30*x = -26*x - c. What is the greatest common divisor of 6 and x?
6
Suppose 382 = 7*z + 347. Suppose -d + v + z = 0, 2*v - 3*v - 13 = -5*d. Calculate the highest common divisor of d and 94.
2
Suppose -179 = -26*w - 1011. Let o be (-3)/((1/w)/((-775)/(-93))). What is the greatest common divisor of 50 and o?
50
Suppose -10*s = 23*s. Suppose 5*u - 6*u = z - 219, s = -2*u - 2. Let a = 24 - 4. What is the highest common factor of z and a?
20
Suppose -7625 = -270*a + 255*a + 14650. Calculate the highest common divisor of 2640 and a.
165
Let m be -1*1/((-6)/14394). Suppose 31*a = m + 112. Let r(j) = -14*j - 2. Let z be r(-4). What is the greatest common factor of a and z?
27
Suppose 588 = 57*i - 51*i. Suppose -13*w = -i + 7. Calculate the greatest common divisor of w and 3.
1
Suppose 213*k - 54078 = 252855. What is the greatest common factor of 44 and k?
11
Let y = -1119 - -759. Let x = y - -376. Let q(f) = -f**3 - 5*f**2 + f + 7. Let v be q(-5). Calculate the highest common divisor of x and v.
2
Let r = 22 - -5. Suppose 0 = q - 3*u + 3, 1088 = -q - u + 1093. What is the highest common factor of r and q?
3
Suppose -3*n + 15 = 2*s, -5*n - 3 = -s - 28. Suppose -n*p + 17 = y, 16*y + 4*p = 11*y + 106. Calculate the highest common divisor of 550 and y.
22
Suppose 2 - 3 = -c, 5*c = -2*l + 275. Let k be 31*1/(6/(-2) + 4). Let d be k/2 - (52/8 - 6). Calculate the highest common factor of l and d.
15
Let c be (-3 + (-15)/(-2) - 3)*-18. Let b = c - -36. Suppose b*w - 12*w = -408. What is the highest common factor of w and 34?
34
Let y be (10260/(-100))/((-74)/(-40) + 3 + -5). Calculate the highest common factor of y and 144.
36
Let d(f) = 18*f**2 - 2*f + 4. Suppose 6*j + 32 = 20. Let w be d(j). Calculate the highest common factor of 5 and w.
5
Let w(b) = 3*b**2 - 8. Let a = -122 + 124. Suppose -2 = -d - 0*d - 4*k, -a*k = 4*d - 22. Let c be w(d). What is the greatest common factor of 75 and c?
25
Su